{"id":74,"date":"2009-09-08T16:33:06","date_gmt":"2009-09-08T16:33:06","guid":{"rendered":"http:\/\/wpzoom.com\/magnet\/demo\/?page_id=2"},"modified":"2019-01-05T23:42:25","modified_gmt":"2019-01-05T22:42:25","slug":"about","status":"publish","type":"page","link":"https:\/\/nilsmaier.com\/reiseblog\/about\/","title":{"rendered":"\u00dcber diesen Blog"},"content":{"rendered":"<p>Dieser Blog ist eine Sammlung von Erfahrungsberichten und Tipps, die auf eigener Erfahrung beruhen. Tipps f\u00fcr Orte, Hotels, Caf\u00e9s, Restaurants, Kneipen, etc. wurden in aller Regel pers\u00f6nlich besucht. Alle Artikel sind in der Ich-Perspektive geschrieben, auch wenn die Inhalte von Familie, Freunden oder mir selber stammen. Alle Artikel sind lebende Objekte und werden fortlaufend aktualisiert. Viel Spa\u00df beim Lesen&#8230;<\/p>\n","protected":false},"excerpt":{"rendered":"<p>Dieser Blog ist eine Sammlung von Erfahrungsberichten und Tipps, die auf eigener Erfahrung beruhen. Tipps f\u00fcr Orte, Hotels, Caf\u00e9s, Restaurants, Kneipen, etc. wurden in aller Regel pers\u00f6nlich besucht. Alle Artikel sind in der Ich-Perspektive geschrieben, auch wenn die Inhalte von Familie, Freunden oder mir selber stammen. Alle Artikel sind lebende [&hellip;]<\/p>\n","protected":false},"author":1,"featured_media":5436,"parent":0,"menu_order":0,"comment_status":"closed","ping_status":"closed","template":"page-templates\/full-width.php","meta":{"_exactmetrics_skip_tracking":false,"_exactmetrics_sitenote_active":false,"_exactmetrics_sitenote_note":"","_exactmetrics_sitenote_category":0,"ngg_post_thumbnail":0,"footnotes":""},"class_list":["post-74","page","type-page","status-publish","has-post-thumbnail","hentry"],"yoast_head":"<!-- This site is optimized with the Yoast SEO plugin v27.3 - https:\/\/yoast.com\/product\/yoast-seo-wordpress\/ -->\n<title>\u00dcber diesen Blog<\/title>\n<meta name=\"description\" content=\"Dieser Blog ist eine Sammlung von Erfahrungsberichten und Tipps, die auf eigener Erfahrung beruhen\" \/>\n<meta name=\"robots\" content=\"noindex, follow\" \/>\n<meta property=\"og:locale\" content=\"en_US\" \/>\n<meta property=\"og:type\" content=\"article\" \/>\n<meta property=\"og:title\" content=\"\u00dcber diesen Blog\" \/>\n<meta property=\"og:description\" content=\"Dieser Blog ist eine Sammlung von Erfahrungsberichten und Tipps, die auf eigener Erfahrung beruhen\" \/>\n<meta property=\"og:url\" content=\"https:\/\/nilsmaier.com\/reiseblog\/about\/\" \/>\n<meta property=\"article:modified_time\" content=\"2019-01-05T22:42:25+00:00\" \/>\n<meta property=\"og:image\" content=\"https:\/\/nilsmaier.com\/reiseblog\/wp-content\/uploads\/sites\/4\/2018\/05\/nilsmaier-Reiseblog_Gili-Meno.jpg\" \/>\n\t<meta property=\"og:image:width\" content=\"1200\" \/>\n\t<meta property=\"og:image:height\" content=\"414\" \/>\n\t<meta property=\"og:image:type\" content=\"image\/jpeg\" \/>\n<meta name=\"twitter:card\" content=\"summary_large_image\" \/>\n<script type=\"application\/ld+json\" class=\"yoast-schema-graph\">{\"@context\":\"https:\\\/\\\/schema.org\",\"@graph\":[{\"@type\":\"WebPage\",\"@id\":\"https:\\\/\\\/nilsmaier.com\\\/reiseblog\\\/about\\\/\",\"url\":\"https:\\\/\\\/nilsmaier.com\\\/reiseblog\\\/about\\\/\",\"name\":\"\u00dcber diesen Blog\",\"isPartOf\":{\"@id\":\"https:\\\/\\\/nilsmaier.com\\\/reiseblog\\\/#website\"},\"primaryImageOfPage\":{\"@id\":\"https:\\\/\\\/nilsmaier.com\\\/reiseblog\\\/about\\\/#primaryimage\"},\"image\":{\"@id\":\"https:\\\/\\\/nilsmaier.com\\\/reiseblog\\\/about\\\/#primaryimage\"},\"thumbnailUrl\":\"https:\\\/\\\/nilsmaier.com\\\/reiseblog\\\/wp-content\\\/uploads\\\/sites\\\/4\\\/2018\\\/05\\\/nilsmaier-Reiseblog_Gili-Meno.jpg\",\"datePublished\":\"2009-09-08T16:33:06+00:00\",\"dateModified\":\"2019-01-05T22:42:25+00:00\",\"description\":\"Dieser Blog ist eine Sammlung von Erfahrungsberichten und Tipps, die auf eigener Erfahrung beruhen\",\"breadcrumb\":{\"@id\":\"https:\\\/\\\/nilsmaier.com\\\/reiseblog\\\/about\\\/#breadcrumb\"},\"inLanguage\":\"en-US\",\"potentialAction\":[{\"@type\":\"ReadAction\",\"target\":[\"https:\\\/\\\/nilsmaier.com\\\/reiseblog\\\/about\\\/\"]}]},{\"@type\":\"ImageObject\",\"inLanguage\":\"en-US\",\"@id\":\"https:\\\/\\\/nilsmaier.com\\\/reiseblog\\\/about\\\/#primaryimage\",\"url\":\"https:\\\/\\\/nilsmaier.com\\\/reiseblog\\\/wp-content\\\/uploads\\\/sites\\\/4\\\/2018\\\/05\\\/nilsmaier-Reiseblog_Gili-Meno.jpg\",\"contentUrl\":\"https:\\\/\\\/nilsmaier.com\\\/reiseblog\\\/wp-content\\\/uploads\\\/sites\\\/4\\\/2018\\\/05\\\/nilsmaier-Reiseblog_Gili-Meno.jpg\",\"width\":1200,\"height\":414,\"caption\":\"Gili Meno, Strand, Beach, Meer, Boote, Bali, Lombok\"},{\"@type\":\"BreadcrumbList\",\"@id\":\"https:\\\/\\\/nilsmaier.com\\\/reiseblog\\\/about\\\/#breadcrumb\",\"itemListElement\":[{\"@type\":\"ListItem\",\"position\":1,\"name\":\"Startseite\",\"item\":\"https:\\\/\\\/nilsmaier.com\\\/reiseblog\\\/\"},{\"@type\":\"ListItem\",\"position\":2,\"name\":\"\u00dcber diesen Blog\"}]},{\"@type\":\"WebSite\",\"@id\":\"https:\\\/\\\/nilsmaier.com\\\/reiseblog\\\/#website\",\"url\":\"https:\\\/\\\/nilsmaier.com\\\/reiseblog\\\/\",\"name\":\"\",\"description\":\"\",\"potentialAction\":[{\"@type\":\"SearchAction\",\"target\":{\"@type\":\"EntryPoint\",\"urlTemplate\":\"https:\\\/\\\/nilsmaier.com\\\/reiseblog\\\/?s={search_term_string}\"},\"query-input\":{\"@type\":\"PropertyValueSpecification\",\"valueRequired\":true,\"valueName\":\"search_term_string\"}}],\"inLanguage\":\"en-US\"}]}<\/script>\n<!-- \/ Yoast SEO plugin. -->","yoast_head_json":{"title":"\u00dcber diesen Blog","description":"Dieser Blog ist eine Sammlung von Erfahrungsberichten und Tipps, die auf eigener Erfahrung beruhen","robots":{"index":"noindex","follow":"follow"},"og_locale":"en_US","og_type":"article","og_title":"\u00dcber diesen Blog","og_description":"Dieser Blog ist eine Sammlung von Erfahrungsberichten und Tipps, die auf eigener Erfahrung beruhen","og_url":"https:\/\/nilsmaier.com\/reiseblog\/about\/","article_modified_time":"2019-01-05T22:42:25+00:00","og_image":[{"width":1200,"height":414,"url":"https:\/\/nilsmaier.com\/reiseblog\/wp-content\/uploads\/sites\/4\/2018\/05\/nilsmaier-Reiseblog_Gili-Meno.jpg","type":"image\/jpeg"}],"twitter_card":"summary_large_image","schema":{"@context":"https:\/\/schema.org","@graph":[{"@type":"WebPage","@id":"https:\/\/nilsmaier.com\/reiseblog\/about\/","url":"https:\/\/nilsmaier.com\/reiseblog\/about\/","name":"\u00dcber diesen Blog","isPartOf":{"@id":"https:\/\/nilsmaier.com\/reiseblog\/#website"},"primaryImageOfPage":{"@id":"https:\/\/nilsmaier.com\/reiseblog\/about\/#primaryimage"},"image":{"@id":"https:\/\/nilsmaier.com\/reiseblog\/about\/#primaryimage"},"thumbnailUrl":"https:\/\/nilsmaier.com\/reiseblog\/wp-content\/uploads\/sites\/4\/2018\/05\/nilsmaier-Reiseblog_Gili-Meno.jpg","datePublished":"2009-09-08T16:33:06+00:00","dateModified":"2019-01-05T22:42:25+00:00","description":"Dieser Blog ist eine Sammlung von Erfahrungsberichten und Tipps, die auf eigener Erfahrung beruhen","breadcrumb":{"@id":"https:\/\/nilsmaier.com\/reiseblog\/about\/#breadcrumb"},"inLanguage":"en-US","potentialAction":[{"@type":"ReadAction","target":["https:\/\/nilsmaier.com\/reiseblog\/about\/"]}]},{"@type":"ImageObject","inLanguage":"en-US","@id":"https:\/\/nilsmaier.com\/reiseblog\/about\/#primaryimage","url":"https:\/\/nilsmaier.com\/reiseblog\/wp-content\/uploads\/sites\/4\/2018\/05\/nilsmaier-Reiseblog_Gili-Meno.jpg","contentUrl":"https:\/\/nilsmaier.com\/reiseblog\/wp-content\/uploads\/sites\/4\/2018\/05\/nilsmaier-Reiseblog_Gili-Meno.jpg","width":1200,"height":414,"caption":"Gili Meno, Strand, Beach, Meer, Boote, Bali, Lombok"},{"@type":"BreadcrumbList","@id":"https:\/\/nilsmaier.com\/reiseblog\/about\/#breadcrumb","itemListElement":[{"@type":"ListItem","position":1,"name":"Startseite","item":"https:\/\/nilsmaier.com\/reiseblog\/"},{"@type":"ListItem","position":2,"name":"\u00dcber diesen Blog"}]},{"@type":"WebSite","@id":"https:\/\/nilsmaier.com\/reiseblog\/#website","url":"https:\/\/nilsmaier.com\/reiseblog\/","name":"","description":"","potentialAction":[{"@type":"SearchAction","target":{"@type":"EntryPoint","urlTemplate":"https:\/\/nilsmaier.com\/reiseblog\/?s={search_term_string}"},"query-input":{"@type":"PropertyValueSpecification","valueRequired":true,"valueName":"search_term_string"}}],"inLanguage":"en-US"}]}},"_links":{"self":[{"href":"https:\/\/nilsmaier.com\/reiseblog\/wp-json\/wp\/v2\/pages\/74","targetHints":{"allow":["GET"]}}],"collection":[{"href":"https:\/\/nilsmaier.com\/reiseblog\/wp-json\/wp\/v2\/pages"}],"about":[{"href":"https:\/\/nilsmaier.com\/reiseblog\/wp-json\/wp\/v2\/types\/page"}],"author":[{"embeddable":true,"href":"https:\/\/nilsmaier.com\/reiseblog\/wp-json\/wp\/v2\/users\/1"}],"replies":[{"embeddable":true,"href":"https:\/\/nilsmaier.com\/reiseblog\/wp-json\/wp\/v2\/comments?post=74"}],"version-history":[{"count":4,"href":"https:\/\/nilsmaier.com\/reiseblog\/wp-json\/wp\/v2\/pages\/74\/revisions"}],"predecessor-version":[{"id":5836,"href":"https:\/\/nilsmaier.com\/reiseblog\/wp-json\/wp\/v2\/pages\/74\/revisions\/5836"}],"wp:featuredmedia":[{"embeddable":true,"href":"https:\/\/nilsmaier.com\/reiseblog\/wp-json\/wp\/v2\/media\/5436"}],"wp:attachment":[{"href":"https:\/\/nilsmaier.com\/reiseblog\/wp-json\/wp\/v2\/media?parent=74"}],"curies":[{"name":"wp","href":"https:\/\/api.w.org\/{rel}","templated":true}]}}